{"id":18,"date":"2019-08-12T14:26:11","date_gmt":"2019-08-12T12:26:11","guid":{"rendered":"http:\/\/sanrej.pl\/?page_id=18"},"modified":"2019-08-13T10:11:50","modified_gmt":"2019-08-13T08:11:50","slug":"strona-glowna","status":"publish","type":"page","link":"https:\/\/sanrej.pl\/","title":{"rendered":"Strona g\u0142\u00f3wna"},"content":{"rendered":"<p><em><strong>Witamy na Naszej stronie!<\/strong><\/em><\/p>\n<p>Zapraszamy do wsp\u00f3\u0142pracy w zakresie dostaw wyrob\u00f3w piekarniczych. Nasze do\u015bwiadczenie sprawi, \u017ce Ty i Twoi klienci z ch\u0119ci\u0105 wr\u00f3c\u0105 po nasze wyroby piekarnicze. Od lat z pasj\u0105 wypiekamy pieczywo oraz ciasta, aby ka\u017cdy m\u00f3g\u0142 poczu\u0107 smak prawdziwego chleba i nie tylko.<\/p>\n","protected":false},"excerpt":{"rendered":"<p>Witamy na Naszej stronie! Zapraszamy do wsp\u00f3\u0142pracy w zakresie dostaw wyrob\u00f3w piekarniczych. Nasze do\u015bwiadczenie sprawi, \u017ce Ty i Twoi klienci z ch\u0119ci\u0105 wr\u00f3c\u0105 po nasze wyroby piekarnicze. Od lat z pasj\u0105 wypiekamy pieczywo oraz ciasta, aby ka\u017cdy m\u00f3g\u0142 poczu\u0107 smak prawdziwego chleba i nie tylko.<\/p>\n","protected":false},"author":1,"featured_media":0,"parent":0,"menu_order":0,"comment_status":"closed","ping_status":"closed","template":"","meta":{"footnotes":""},"class_list":["post-18","page","type-page","status-publish","hentry"],"_links":{"self":[{"href":"https:\/\/sanrej.pl\/index.php\/wp-json\/wp\/v2\/pages\/18","targetHints":{"allow":["GET"]}}],"collection":[{"href":"https:\/\/sanrej.pl\/index.php\/wp-json\/wp\/v2\/pages"}],"about":[{"href":"https:\/\/sanrej.pl\/index.php\/wp-json\/wp\/v2\/types\/page"}],"author":[{"embeddable":true,"href":"https:\/\/sanrej.pl\/index.php\/wp-json\/wp\/v2\/users\/1"}],"replies":[{"embeddable":true,"href":"https:\/\/sanrej.pl\/index.php\/wp-json\/wp\/v2\/comments?post=18"}],"version-history":[{"count":4,"href":"https:\/\/sanrej.pl\/index.php\/wp-json\/wp\/v2\/pages\/18\/revisions"}],"predecessor-version":[{"id":74,"href":"https:\/\/sanrej.pl\/index.php\/wp-json\/wp\/v2\/pages\/18\/revisions\/74"}],"wp:attachment":[{"href":"https:\/\/sanrej.pl\/index.php\/wp-json\/wp\/v2\/media?parent=18"}],"curies":[{"name":"wp","href":"https:\/\/api.w.org\/{rel}","templated":true}]}}